9
Let v be (-9 + 564/60)/((-4)/(-4790)). Suppose -5*j + v = -2186. What are the prime factors of j?
13, 41
Let w = 77092 - 53001. List the prime factors of w.
24091
Suppose -2*y + 18716 = d, y - 8752 = 2*d - 46194. List the prime factors of d.
2, 3, 5, 13
Let t(g) = g**3 - 2*g**2 - 3*g + 2. Let d be t(3). Suppose -d*z = -7*z + 495. Let y = z + 43. List the prime factors of y.
2, 71
Let n = 33485 + -49517. List the prime factors of (20/(-6))/(64/n).
5, 167
Suppose 2*p - 4*k - 30 = 0, 0 - 1 = k. Let h(b) = -b**2 + 11*b + 4. Let v be h(p). Let x = -6 - v. What are the prime factors of x?
2
Let f be ((-225)/20)/(1/20). Let u = f - -264. What are the prime factors of u?
3, 13
Suppose -v + 3*m = 449, -459 = -4*v + 5*v - 5*m. Let u = v + 658. What are the prime factors of u?
2, 7
Let k(c) = 2963*c - 5568. What are the prime factors of k(10)?
2, 53, 227
Let q(k) = 122*k**2 + 24*k + 56. What are the prime factors of q(-2)?
2, 31
Let s(n) = 249*n**2 + 20*n - 69. What are the prime factors of s(7)?
2, 13, 59
Suppose -47*p = 53*p - 6*p - 739498. List the prime factors of p.
7867
Let i = 41542 - 17735. List the prime factors of i.
7, 19, 179
Let w = 112917 + -57909. What are the prime factors of w?
2, 3, 191
Let n(g) = 227*g**3 - 2*g**2 + 2. Let h be n(1). List the prime factors of (-18 - h)*(-6)/10.
3, 7
Suppose -g + 132 = -3894. What are the prime factors of g?
2, 3, 11, 61
Let h(w) = -16*w + 50. Let o be h(3). Suppose 0 = o*l - m - 226, l - 4*m - 46 = 81. What are the prime factors of l?
3, 37
Let f(n) = -n - 6. Let k be f(6). Let x = k + 30. List the prime factors of 4728/108 - (-4)/x.
2, 11
Let z = 86 + -44. List the prime factors of ((-6153)/z)/(2/(-4)).
293
Let t = -594 + 594. Suppose -4*x = -7*x + w + 1472, 5*w - 20 = t. List the prime factors of x.
2, 3, 41
Let i be (-4)/28 + 36/7. Suppose -i*j + 8*j - l - 12 = 0, -6 = 2*l. Suppose -y + j*n - 89 = -3*y, -2*n + 44 = y. List the prime factors of y.
2, 23
Suppose 4*b - 88 = 371*n - 375*n, -5*n - 40 = -5*b. What are the prime factors of b?
3, 5
Let a(y) = -y**3 + 9*y**2 + 4*y - 18. Let o = -87 + 94. Let u be a(o). Suppose -r = -u - 94. List the prime factors of r.
2, 101
Let x = -53 - -220. Suppose 4*l + 3*y = 682, -2*y - x = -l - y. List the prime factors of l.
13
What are the prime factors of (-311436)/(-34) + 280/2380?
2, 5, 229
Let l(o) = 4 - o**3 - 10*o**2 + 14 + 11*o + 4*o**3 - 2*o**3. Let t be l(9). Suppose 4*k - 2*k - t = 0. What are the prime factors of k?
2, 3
Let u(s) = 4*s**3 - 3*s**2 + 6*s + 78. Let l(z) = -5*z**3 + 4*z**2 - 6*z - 79. Let h(i) = -5*l(i) - 6*u(i). What are the prime factors of h(10)?
23, 29
Let i(d) = 1 + 6*d**2 + 0*d + 4*d + 2 + 3*d**3 - 2. Let m be i(-5). List the prime factors of m/(-8) - 3/(-6).
31
Suppose -30*j + 140018 + 38452 = 0. List the prime factors of j.
3, 661
List the prime factors of (-6 - -5)*-12015 - -5.
2, 5, 601
Let b be 23 + -25 + (-1547)/(-1). Let c = b - 962. List the prime factors of c.
11, 53
Let x = 37540 + -25913. List the prime factors of x.
7, 11, 151
Let g be (-53234)/18 - (1001/117 + -9). Let v = 4351 + g. What are the prime factors of v?
2, 17, 41
Let j(g) = g**3 + 8*g - 2. Let f be j(-4). Let c = 77 + f. Let r(n) = -n**2 - 27*n - 16. What are the prime factors of r(c)?
2, 5, 11
Let f(x) = -2*x - 23. Let p(z) = 2*z + 22. Let h(t) = -4*f(t) - 3*p(t). Let c be h(-12). What are the prime factors of -2*((-73)/c + 1)?
71
Let d = 43 - 41. Let a be ((-24)/(-14))/((d/(-182))/(-1)). What are the prime factors of a/9 + (-2)/6?
17
Suppose -1544*k + 1627*k - 885029 = 0. What are the prime factors of k?
10663
Let l be 3/(2/2) + -10 + -3. What are the prime factors of (4/(-10))/((-116091)/(-11610) + l)?
2, 3, 43
Let a(q) = q**2 + 4*q - 13. Let z be a(-6). Let n be 3 + 4 + -5 + 34 + z. Suppose -n = -3*g - 2*g. What are the prime factors of g?
7
Let g be 130*89/18 + 2/9. Let m = -328 + g. List the prime factors of m.
3, 5, 7
Let m(r) = -r + 1. Let c(x) = -81*x**2 + 5*x - 3. Let i(o) = -c(o) + m(o). What are the prime factors of i(2)?
2, 79
Let g(a) = -a**2 - 4*a - 3. Let l be g(-3). Suppose l = 4*z - 64 - 144. Let w = z + -41. What are the prime factors of w?
11
Suppose -41493*b + 33672 = -41490*b. What are the prime factors of b?
2, 23, 61
What are the prime factors of (-8843939)/(-344) - 1*(-1 - 4)/(-40)?
47, 547
Let z = 97 - -35. Suppose 9*c - z = 129. Suppose -2*o - 506 = -3*t + c, -4*o = 20. List the prime factors of t.
5, 7
Let b = 198 - 208. List the prime factors of (5640/75)/((-4)/b).
2, 47
Let x(w) be the third derivative of 17*w**5/10 + w**4/6 - w**3/3 + 2*w**2 + 5*w. What are the prime factors of x(2)?
2, 3, 23
Suppose 10*h = 5*h - 290. Let q = h + 60. Suppose 0 = q*a - 3*d - 104, -2*a - a + 182 = 2*d. What are the prime factors of a?
2, 29
Suppose -3*k + 20 = 4*o, -3*o + 0 + 2 = -k. Let i(n) = 87 - o*n + n + 26. What are the prime factors of i(0)?
113
Let y = 512 - 164. Suppose -15*z = -19*z + y. Let d = z + 7. What are the prime factors of d?
2, 47
Let n(v) = 4529*v - 6275. What are the prime factors of n(11)?
2, 5443
Let o be 33528/(-40) - 1/(-5). Let h = 1449 + o. What are the prime factors of h?
13, 47
Suppose -2*q + 5*w = -3*q + 13589, 4 = -2*w. List the prime factors of (q/12)/(33/44).
1511
Let c(r) = 134*r + 81. Let i(a) = -68*a - 42. Let o(h) = -6*c(h) - 13*i(h). What are the prime factors of o(6)?
2, 3, 5
Let n(u) = 245*u**2 + 68*u - 208. List the prime factors of n(5).
6257
Let t be ((-5280)/(-275))/(2/10). Let s = 13 - 61. Let n = t + s. List the prime factors of n.
2, 3
Suppose 4*r - 2*b = 90740, 5*r = -21*b + 22*b + 113431. What are the prime factors of r?
7, 463
Let v(f) = 2*f - 13. Let t(w) = 7*w - 52. Let l(a) = 2*t(a) - 9*v(a). Let n be l(3). List the prime factors of -4*n/(-2) + (-178)/(-2).
7, 13
Let w(y) = 104*y - 103*y + 1223*y**3 + 0 - 1. List the prime factors of w(1).
1223
Suppose r - 5*r = 5*d - 2059, 0 = d + 1. Suppose -4*l - 4*x = -408, -r = -5*l - 2*x - 0*x. Let h = l + -50. List the prime factors of h.
2, 3
Suppose 4*m = 5*v + 85, -4*v = 3*m - 56 - 0. Let p = m - 32. Let g = 19 - p. What are the prime factors of g?
31
Let p(j) = j + 6. Let h be p(-5). Let t be h/5 - 6832/35. Let v = -118 - t. List the prime factors of v.
7, 11
Let l(v) = 95*v + 31. Let t be l(6). Suppose -5*p - t = 4*n, -4*n - 1 = -5*n. Let q = p - -343. What are the prime factors of q?
2, 3, 37
Let w = 793 + 1059. What are the prime factors of w?
2, 463
Let b(i) be the first derivative of 4*i**3/3 + i**2/2 + 10*i - 2. Suppose -33*f + 2*q + 3 = -32*f, 2*q - 3 = -f. List the prime factors of b(f).
7
Let p(z) be the second derivative of -29*z - z**3 + 0 + 1/20*z**5 - 11/12*z**4 + 1/2*z**2. What are the prime factors of p(12)?
73
Let x(u) = 83*u**2 - 2. Suppose 8 = 3*w - 7*w. Let c be x(w). Suppose 132 = 6*o - c. What are the prime factors of o?
7, 11
Let u = 56 - 59. Let z(l) be the first derivative of -29*l**2/2 + l + 2. What are the prime factors of z(u)?
2, 11
List the prime factors of 12 + (-21 - -8) - (-1936 + 0).
3, 5, 43
Suppose 81 + 157 = r + 2*z, r + 8*z = 268. List the prime factors of r.
2, 3, 19
Let q = -42 + 53. Let z = 14 - q. Suppose 292 = z*y - 32. List the prime factors of y.
2, 3
Let p be -6*(-5)/40 - (-116)/16. Suppose 3066 = p*s + 74. What are the prime factors of s?
2, 11, 17
Let f be ((-378)/35)/(3/20). What are the prime factors of 56/6*11/((-88)/f)?
2, 3, 7
Suppose -147 = 6*n + 1467. Let j = n + 857. What are the prime factors of j?
2, 3, 7
Let v be -12*(-11)/(-44) + (-1 - 1). What are the prime factors of (2387/(-33))/(v/45)?
3, 7, 31
Let s be (-4)/(-10) + 323/5. Let r(q) = 7*q + 197. Let b be r(-27). Suppose 3*c = b*c - s. What are the prime factors of c?
13
Let b be ((-2)/(-4))/(5/(-60)*-2). Suppose -3*z - 2*v - 2*v + 8 = 0, v = -b*z + 11. Suppose 5*d + 97 + 7 = z*p, 4*d = 16. List the prime factors of p.
31
Let y = 1373 - 1062. List the prime factors of y.
311
Let a(i) = 7*i - 9. Let c(h) = -h**3 + 13*h**2 + 19*h. Let d be c(14). Suppose 2*j = -5*v + d, 5*v - j = 36 + 19. List the prime factors of a(v).
3, 5
Let a(n) = 2*n**3 + 16*n**2 - 10*n + 1. Suppose -4*h + q = -11, 0*h + q - 1 = -2*h. Suppose 8 - 2 = -w + h*d, w - d = -7. List the prime factors of a(w).
3
Let u = 5970 - 3404. What are the prime factors of u?
2, 12